s divided by 21.
19
Calculate the remainder when 27 is divided by 14.
13
Calculate the remainder when 101 is divided by 18.
11
What is the remainder when 72 is divided by 23?
3
What is the remainder when 106 is divided by 93?
13
What is the remainder when 1221 is divided by 341?
198
Calculate the remainder when 210 is divided by 73.
64
What is the remainder when 214 is divided by 68?
10
What is the remainder when 643 is divided by 49?
6
What is the remainder when 458 is divided by 8?
2
Calculate the remainder when 220 is divided by 32.
28
Calculate the remainder when 726 is divided by 46.
36
What is the remainder when 5301 is divided by 144?
117
What is the remainder when 410 is divided by 28?
18
What is the remainder when 99 is divided by 61?
38
What is the remainder when 955 is divided by 74?
67
Calculate the remainder when 461 is divided by 101.
57
Calculate the remainder when 3874 is divided by 97.
91
What is the remainder when 6732 is divided by 16?
12
What is the remainder when 9558 is divided by 40?
38
Calculate the remainder when 4000 is divided by 15.
10
What is the remainder when 2265 is divided by 227?
222
What is the remainder when 167 is divided by 12?
11
Calculate the remainder when 652 is divided by 115.
77
Calculate the remainder when 101 is divided by 53.
48
What is the remainder when 356 is divided by 30?
26
Calculate the remainder when 4415 is divided by 94.
91
Calculate the remainder when 935 is divided by 13.
12
What is the remainder when 79 is divided by 5?
4
What is the remainder when 261 is divided by 19?
14
Calculate the remainder when 1974 is divided by 60.
54
What is the remainder when 4902 is divided by 60?
42
Calculate the remainder when 8521 is divided by 58.
53
Calculate the remainder when 1448 is divided by 72.
8
Calculate the remainder when 557 is divided by 268.
21
Calculate the remainder when 452 is divided by 92.
84
What is the remainder when 1129 is divided by 39?
37
What is the remainder when 241 is divided by 25?
16
Calculate the remainder when 34972 is divided by 134.
132
Calculate the remainder when 838 is divided by 24.
22
Calculate the remainder when 22 is divided by 7.
1
Calculate the remainder when 43 is divided by 15.
13
What is the remainder when 871 is divided by 8?
7
Calculate the remainder when 468 is divided by 83.
53
Calculate the remainder when 275 is divided by 54.
5
Calculate the remainder when 412 is divided by 18.
16
Calculate the remainder when 817 is divided by 24.
1
What is the remainder when 202 is divided by 5?
2
Calculate the remainder when 40 is divided by 31.
9
Calculate the remainder when 4525 is divided by 8.
5
What is the remainder when 681 is divided by 31?
30
Calculate the remainder when 61 is divided by 25.
11
Calculate the remainder when 386 is divided by 80.
66
Calculate the remainder when 1433 is divided by 80.
73
What is the remainder when 21585 is divided by 86?
85
Calculate the remainder when 146 is divided by 28.
6
What is the remainder when 382 is divided by 60?
22
What is the remainder when 104 is divided by 23?
12
Calculate the remainder when 3056 is divided by 161.
158
Calculate the remainder when 19 is divided by 5.
4
Calculate the remainder when 1386 is divided by 269.
41
Calculate the remainder when 311 is divided by 61.
6
Calculate the remainder when 80 is divided by 21.
17
What is the remainder when 359 is divided by 178?
3
What is the remainder when 144 is divided by 27?
9
What is the remainder when 206 is divided by 66?
8
What is the remainder when 1455 is divided by 147?
132
Calculate the remainder when 20 is divided by 12.
8
Calculate the remainder when 65 is divided by 24.
17
Calculate the remainder when 360 is divided by 33.
30
What is the remainder when 1545 is divided by 91?
89
Calculate the remainder when 85 is divided by 40.
5
Calculate the remainder when 9 is divided by 2.
1
Calculate the remainder when 93 is divided by 25.
18
What is the remainder when 3127 is divided by 54?
49
What is the remainder when 163 is divided by 67?
29
What is the remainder when 27 is divided by 12?
3
Calculate the remainder when 258 is divided by 49.
13
Calculate the remainder when 57 is divided by 12.
9
What is the remainder when 1417 is divided by 236?
1
What is the remainder when 185 is divided by 146?
39
Calculate the remainder when 126 is divided by 66.
60
Calculate the remainder when 584 is divided by 193.
5
Calculate the remainder when 410 is divided by 128.
26
What is the remainder when 647 is divided by 283?
81
Calculate the remainder when 374 is divided by 18.
14
Calculate the remainder when 3032 is divided by 74.
72
Calculate the remainder when 280 is divided by 7.
0
What is the remainder when 32 is divided by 4?
0
What is the remainder when 264 is divided by 102?
60
Calculate the remainder when 513 is divided by 168.
9
What is the remainder when 16 is divided by 6?
4
What is the remainder when 1497 is divided by 495?
12
Calculate the remainder when 14999 is divided by 20.
19
Calculate the remainder when 73 is divided by 21.
10
What is the remainder when 228 is divided by 55?
8
What is the remainder when 2721 is divided by 12?
9
Calculate the remainder when 48 is divided by 21.
6
Calculate the remainder when 2030 is divided by 51.
41
What is the remainder when 3802 is divided by 345?
7
Calculate the remainder when 1245 is divided by 78.
75
What is the remainder when 3032 is divided by 104?
16
Calculate the remainder when 277 is divided by 166.
111
Calculate the remainder when 12 is divided by 9.
3
Calculate the remainder when 1262 is divided by 125.
12
What is the remainder when 1373 is divided by 153?
149
What is the remainder when 237 is divided by 82?
73
Calculate the remainder when 375 is divided by 96.
87
What is the remainder when 644 is divided by 44?
28
Calculate the remainder when 646 is divided by 470.
176
What is the remainder when 564 is divided by 44?
36
Calculate the remainder when 264 is divided by 17.
9
Calculate the remainder when 264 is divided by 243.
21
What is the remainder when 1631 is divided by 110?
91
Calculate the remainder when 147 is divided by 55.
37
Calculate the remainder when 91 is divided by 53.
38
Calculate the remainder when 521 is divided by 255.
11
What is the remainder when 259 is divided by 27?
16
Calculate the remainder when 355 is divided by 51.
49
Calculate the remainder when 318 is divided by 110.
98
Calculate the remainder when 16934 is divided by 15.
14
Calculate the remainder when 2411 is divided by 5.
1
What is the remainder when 183 is divided by 46?
45
What is the remainder when 74 is divided by 11?
8
What is the remainder when 269 is divided by 16?
13
Calculate the remainder when 135 is divided by 13.
5
Calculate the remainder when 219 is divided by 40.
19
What is the remainder when 64 is divided by 56?
8
What is the remainder when 337 is divided by 166?
5
What is the remainder when 42 is divided by 42?
0
What is the remainder when 429 is divided by 43?
42
What is the remainder when 926 is divided by 30?
26
What is the remainder when 303 is divided by 32?
15
What is the remainder when 15 is divided by 13?
2
What is the remainder when 4990 is divided by 49?
41
What is the remainder when 3734 is divided by 1244?
2
Calculate the remainder when 1548 is divided by 772.
4
What is the remainder when 2515 is divided by 74?
73
Calculate the remainder when 258 is divided by 54.
42
What is the remainder when 24611 is divided by 12?
11
Calculate the remainder when 620 is divided by 26.
22
Calculate the remainder when 124 is divided by 94.
30
Calculate the remainder when 123 is divided by 7.
4
What is the remainder when 247 is divided by 65?
52
What is the remainder when 16802 is divided by 22?
16
What is the remainder when 649 is divided by 133?
117
Calculate the remainder when 5614 is divided by 48.
46
What is the remainder when 631 is divided by 310?
11
Calculate the remainder when 70 is divided by 27.
16
What is the remainder when 296 is divided by 89?
29
Calculate the remainder when 699 is divided by 25.
24
What is the remainder when 948 is divided by 18?
12
What is the remainder when 9634 is divided by 11?
9
What is the remainder when 571 is divided by 11?
10
What is the remainder when 22 is divided by 9?
4
Wha